factors of i.
2
List the prime factors of (-1 - -1 - -1)*(-352)/(-16).
2, 11
Suppose h + 3*h = 44. Suppose w - h = f + 3, -f + 1 = 0. List the prime factors of w.
3, 5
Suppose d - 32 = -5*f - 0*d, f + d = 8. Suppose -f = 2*m - 3*m. What are the prime factors of (-3)/2*(-8)/m?
2
Suppose -5*j + 4*j = -67. Suppose -j - 56 = -3*i. What are the prime factors of i?
41
Suppose 2*m = 0, -3*x + 1 = -3*m - 5. Let y be (5 - -1)/(3/8). Suppose 0 = x*s + 2*k - y, -s = s - 2*k - 4. List the prime factors of s.
5
Let h(g) = -g**2 + 10*g - 6. Let n be h(9). Let u(k) = k**2 - 2*k - 3. Let f be u(3). Suppose f = -2*v + v + n. What are the prime factors of v?
3
What are the prime factors of -1 + (2 + -1)*68?
67
Let v = -35 + 59. List the prime factors of 16/(-88) + v/11.
2
Let f(h) = -h**3 - 14*h**2 - 14*h + 28. List the prime factors of f(-13).
41
Suppose -5*d + 2*u = -u - 30, 0 = -4*d + u + 17. List the prime factors of 3 - (-19)/(3/d).
2, 11
Suppose 12*g - 15*g = -324. List the prime factors of g.
2, 3
Let y(r) be the third derivative of r**4/24 + r**3/3 + 2*r**2. Let u be y(-4). What are the prime factors of 2 + -2 + 7 - u?
3
Let s = 4 + -8. Let k = s + 9. Suppose -4*w + 12 = c + 3*c, -w + 31 = k*c. What are the prime factors of c?
7
Let z(y) = y**3 - 6*y - 17. List the prime factors of z(5).
2, 3, 13
Suppose 0 = 5*x - 0*x - 4*p - 158, 2*x = 2*p + 62. Let n = 24 - x. What are the prime factors of (-114)/(-10) - (-4)/n?
11
Let s(f) = f + 2. Suppose -7 = -3*m - g, -m = g - 0 - 3. Let d be s(m). List the prime factors of 1*-9*d/(-6).
2, 3
Suppose 5*n + 10 = -3*c + 84, 4*c - 4*n = 120. What are the prime factors of c?
2, 7
Let h(i) = 2*i**3 - i**2 - 2*i - 1. Let l be h(2). Let y = l + -3. Suppose 0 = y*o - 0*o - 32. List the prime factors of o.
2
Let d be 14/3 - 4/(-12). Suppose -d*o + 50 = 5*k, 0*k + 6 = k - 3*o. List the prime factors of k.
3
Suppose -d + 1 = -13. What are the prime factors of d?
2, 7
Suppose -3*r + 2 = -13. Suppose -r*j + j + 24 = 0. What are the prime factors of 11/3 + (-4)/j?
3
List the prime factors of (15 - -149)*(-2)/(-8).
41
Let m(v) be the second derivative of -v**5/20 + v**4/12 + 6*v. Let a be (2/(-5))/((-1)/(-5)). What are the prime factors of m(a)?
2, 3
Let t be 6/(-9) - 280/(-6). Let p = t + -26. Suppose -2*k - 3*r = -3*k + 9, 3*k - p = 2*r. List the prime factors of k.
2, 3
Suppose -10 = -5*z, 16 = 2*r + 5*z - 30. Suppose 3 = 5*w + r. List the prime factors of 0 + 2 - 3/w.
3
Suppose 0 = -a - 3 - 1. Let m = a - -12. What are the prime factors of m?
2
Let i = -322 + 518. Let t be (-2)/(-5) + i/10. Suppose -t = 5*l, -5*x = -3*x + 3*l - 8. What are the prime factors of x?
2, 5
Suppose 0 = -4*n + 3*y + 20, -y = -5*n + n + 20. Let i be ((-7)/(63/24))/((-2)/12). Suppose n*m - 19 - i = 0. What are the prime factors of m?
7
Let a(y) = 48*y - 1. Let w be a(1). Let l = w + -30. List the prime factors of l.
17
Let d be 5 - -1*(0 - 1). Suppose 52 = d*r - 0*r. What are the prime factors of r?
13
Suppose 3*s = -5*y + 354, 2*s - 2*y - 446 = -2*s. Let l = -78 + s. What are the prime factors of l?
5, 7
Let i(c) = -c**3 - c**2 + 36. Let h be 5/15 - 2/6. What are the prime factors of i(h)?
2, 3
Suppose -3*j + 20 + 1 = 0. Suppose j = 3*a - 17. List the prime factors of a.
2
Let z be 2/5 - 290/(-25). Suppose 3*h - 4*h + 9 = 0. List the prime factors of 1*3*z/h.
2
Let s = -14 - -8. List the prime factors of (-6)/(-3) + (-2 - s).
2, 3
Let z(s) = -s**3 + 11*s**2 - 3*s - 16. List the prime factors of z(9).
7, 17
Let k = 0 - -3. Suppose 0 = f, f - 2*f = -k*o. Suppose 3*l - 2*a = 46, l + o*a - 3*a - 27 = 0. List the prime factors of l.
2, 3
Let y = 7 - 5. Suppose v - q - 7 - 6 = 0, 4*v + y*q - 22 = 0. List the prime factors of v.
2
Let y(q) be the first derivative of -q**4/4 - 5*q**3/3 - 2*q**2 + 7*q - 3. List the prime factors of y(-5).
3
Suppose -2*q + 17 = 4*g - 123, -166 = -5*g + 2*q. List the prime factors of g.
2, 17
Let h(k) = k**3 + k**2 - k + 3. Let m be h(0). Let o(c) = c**3 - 4*c**2 - 4*c + 2. Let f be o(5). Let s = f + m. What are the prime factors of s?
2, 5
Suppose -13 + 43 = -z + 5*r, -5*r = 3*z + 190. Let q = 83 + z. Suppose 2*b = 2*p - q, 2*p + 2*p = -4*b + 40. List the prime factors of p.
2, 3
Let f be 4 + -10 - (2 - 0). Let d(p) = -p**3 - 8*p**2 + 2*p + 12. Let m be d(f). What are the prime factors of 228/16 + 1/m?
2, 7
Let q(f) = f**3 + 5*f**2 - 6*f + 5. Let b be 8/(-20) + 56/(-10). What are the prime factors of q(b)?
5
Let t(y) = -4*y - 2. List the prime factors of t(-4).
2, 7
Let w be (-4)/(-10) - 36/(-10). Suppose 20 = 2*h - 3*s, -w*s = h + 3*h. Suppose 5*u = h*u + 5. List the prime factors of u.
5
Let s(o) = -4*o - 2. Let v be s(2). Let d = v - -18. What are the prime factors of d?
2
Suppose -5*s = 6*s - 3960. What are the prime factors of s?
2, 3, 5
Let c = -2 + 9. Let t(r) = -r**3 + 7*r**2 + r + 4. What are the prime factors of t(c)?
11
Let z = 236 - 76. What are the prime factors of z?
2, 5
Suppose 4*t - 216 = -0*t. What are the prime factors of t?
2, 3
Let s(m) = 9*m**3 + m**2. Let y(v) = v**2 + 3*v + 1. Let n be y(-3). Let z be s(n). Let q = z - 3. List the prime factors of q.
7
Let g(b) = -5*b + 2. Let j be (-424)/(-52) + (-4)/26. Suppose j = -2*r + 4*w - 5*w, 2*r = -3*w - 16. List the prime factors of g(r).
2, 3
Let x(v) = 4*v**2 + 7*v + 1. What are the prime factors of x(-7)?
2, 37
Suppose 3*t + 80 = 233. List the prime factors of t.
3, 17
Let p be 1/(2/(-10))*-1. Suppose p*o - 28 = 7. List the prime factors of o.
7
Suppose -4*s - 19 = -3. Let u be s*(1 + -3) - 2. Let v(m) = 3*m - 6. What are the prime factors of v(u)?
2, 3
Let g(n) = 6*n**3 + 2*n**2 + 2*n + 1. Let t(p) = -5*p**3 - p**2 - 2*p. Let c(u) = -3*g(u) - 4*t(u). What are the prime factors of c(2)?
3
Let k = -120 - -187. List the prime factors of k.
67
Let u = 176 + -88. Suppose 0 = 11*g - 7*g - u. List the prime factors of g.
2, 11
Suppose -3*m - 1 = -7. Suppose m*l - 2*k = -2*l + 16, 3*l = -2*k + 12. Suppose -5*f + 2*c - 75 = -10*f, l*f - 47 = c. What are the prime factors of f?
13
List the prime factors of (18/(-8))/(2/(-32)).
2, 3
Let i = 0 - -9. Let g(f) = -f - 4. Let q be g(-6). List the prime factors of q/i + 52/9.
2, 3
Suppose 2*n - 2*q = -0*q + 216, 437 = 4*n + q. What are the prime factors of n?
109
Suppose 3*c - 6 = 2*o, 0*o - 15 = 3*c + 5*o. What are the prime factors of (6/(-4) + c)*-12?
2, 3
Suppose 4*x = -x - 1000. Let p be (9/(-12))/(2/x). Suppose p = -0*j + 5*j. List the prime factors of j.
3, 5
Suppose 1070 = 5*n - g, -45 - 143 = -n - 5*g. What are the prime factors of n?
3, 71
Let k = 0 - -10. Let w be 102/k - 5/25. Suppose -2*y + w = -0*y. List the prime factors of y.
5
Suppose 0 = -u + 9 + 4. List the prime factors of u.
13
Let q = 7 + 1. What are the prime factors of q?
2
Suppose 4*i - 7 - 1 = 0. Suppose -4*d = l - 18, i*l = -2*d + 3*d - 9. Let t = 3 + d. What are the prime factors of t?
2
Let s(p) = 9*p + 4. Let u(w) = w - 1. Let j(b) = -s(b) + 4*u(b). List the prime factors of j(-4).
2, 3
Suppose 5*c + 5*o - 90 = 0, -2*o = 2*c - 3*o - 27. Suppose -20 = 5*d, 5*y + 6 = 3*y - 4*d. Let k = c - y. What are the prime factors of k?
2, 5
Let g = -172 - -301. What are the prime factors of g?
3, 43
Let p(g) = -3*g**3 + g. Let k be p(-1). Suppose -14 - 12 = -k*x. What are the prime factors of x?
13
Suppose 2*m - 4*q = 20, -5*m - 2*q = 2*q - 64. Suppose 5*b - m - 28 = 0. List the prime factors of b.
2
Let n be (-2)/(-3) - 14/21. Suppose 0 = 4*a - i - 3*i - 156, -3*i - 6 = n. List the prime factors of a.
37
Let z be (4/(-8))/((-1)/(-46)). Let t = -12 - z. What are the prime factors of t?
11
List the prime factors of (-53)/4*12/(-3).
53
Let m(z) be the third derivative of 1/20*z**5 + 0 + 1/2*z**3 - 1/12*z**4 + 0*z + 3*z**2. List the prime factors of m(2).
11
Suppose 0 = 3*a + a - 8. Let u(t) = -8*t**a + 19*t**2 + 0*t - 1 + 2*t. List the prime factors of u(1).
2, 3
Let g(i) = 22*i - 48. List the prime factors of g(12).
2, 3
Suppose 20*u = 16*u - 2*o + 790, 2*o + 1010 = 5*u. List the prime factors of u.
2, 5
Let g be 3/2*(-2 - -4). Suppose g*r - 30 + 0 = 3*i, -r - 4*i = -5. List the prime factors of r.
3
Let t(v) be the first derivative of v**3/3 - 3*v**2 + 7*v - 4. List the prime factors of t(8).
23
Suppose -2*f = -70 - 26. Let h = f + -30. What are the 